{"id":14,"date":"2013-04-29T16:18:23","date_gmt":"2013-04-29T14:18:23","guid":{"rendered":"https:\/\/agriturismoparisi.it\/?page_id=14"},"modified":"2023-03-30T10:18:43","modified_gmt":"2023-03-30T08:18:43","slug":"la-struttura","status":"publish","type":"page","link":"https:\/\/agriturismoparisi.it\/?page_id=14","title":{"rendered":"La struttura"},"content":{"rendered":"<p><script type=\"text\/javascript\"><br \/>\nfunction lingua(lang){<br \/>\n  italy = document.getElementById(\"italian\").style;<br \/>\n  uk = document.getElementById(\"english\").style;<br \/>\n  if(lang == 'ita'){<br \/>\n      italy.display=\"block\";<br \/>\n      uk.display=\"none\";<br \/>\n  }else{<br \/>\n      italy.display=\"none\";<br \/>\n      uk.display=\"block\";<br \/>\n  }<br \/>\n}<br \/>\n<\/script><br \/>\n<a style=\"margin: 0 !important;\" href=\"#italian\"><img loading=\"lazy\" decoding=\"async\" class=\"alignnone size-full wp-image-45\" src=\"https:\/\/agriturismoparisi.it\/wp-content\/uploads\/2013\/04\/italiano.gif\" alt=\"italiano\" width=\"22\" height=\"14\" \/><\/a>\u00a0\u00a0<a style=\"margin: 0 !important;\" href=\"#english\"><img loading=\"lazy\" decoding=\"async\" class=\"alignnone size-full wp-image-44\" src=\"https:\/\/agriturismoparisi.it\/wp-content\/uploads\/2013\/04\/english.gif\" alt=\"english\" width=\"22\" height=\"14\" \/><\/a><\/p>\n<div id=\"italian\">\n<h1 style=\"text-align: center;\">LA STRUTTURA<\/h1>\n<p style=\"text-align: justify;\"><a href=\"https:\/\/agriturismoparisi.it\/wp-content\/uploads\/2013\/04\/882.jpg\"><img loading=\"lazy\" decoding=\"async\" class=\"size-medium wp-image-66 alignleft\" src=\"https:\/\/agriturismoparisi.it\/wp-content\/uploads\/2013\/04\/882-300x224.jpg\" alt=\"882\" width=\"310\" height=\"231\" srcset=\"https:\/\/agriturismoparisi.it\/wp-content\/uploads\/2013\/04\/882-300x224.jpg 300w, https:\/\/agriturismoparisi.it\/wp-content\/uploads\/2013\/04\/882-100x74.jpg 100w, https:\/\/agriturismoparisi.it\/wp-content\/uploads\/2013\/04\/882-198x149.jpg 198w, https:\/\/agriturismoparisi.it\/wp-content\/uploads\/2013\/04\/882.jpg 371w\" sizes=\"auto, (max-width: 310px) 100vw, 310px\" \/><\/a>L&#8217;edificio, ristrutturato nel rispetto delle tradizioni locali, comprende due appartamenti da 3-5 posti letto, provvisti di TV, con rispettivi bagni e cucine. Inoltre \u00e8 disponibile una grande camera matrimoniale con bagno, TV e angolo cottura.<br \/>\nAll&#8217;esterno, sotto una loggia coperta dove trascorrere momenti di relax, gli ospiti potranno usufruire di un angolo cottura e di un lavello.<br \/>\nGli ospiti hanno a disposizione materiale informativo turistico della zona.<br \/>\nL&#8217;azienda agricola, coltivata prevalentemente a vigneto ed oliveto, \u00e8 circondata da un vasto parco di conifere ed altre piante mediterranee, accessibile da parte degli ospiti.<br \/>\nNelle vicinanze dell&#8217;agriturismo abbiamo pista ciclabile, campi da tennis, piscine, ippodromo e maneggio.<\/p>\n<h1 style=\"text-align: center;\">IL PARCO<\/h1>\n<p style=\"text-align: justify;\">Un&#8217;oasi verde di quercie, lecci, pini, oleandri e cipressi a due passi dalla citt\u00e0 e pochi minuti dalla spiaggia. Grazie anche ad una gestione biologica dell&#8217;azienda agricola, si \u00e8 sviluppata una ricca vegetazione tipicamente mediterranea con una grande variet\u00e0 di fiori soprattutto primaverili. All&#8217;intenro del parco, vivono i nostri mini pony e liberi animali selvatici (scoiattoli, istrici, volpi, anche se difficilmente avvistabili nelle ore diurne).<\/p>\n<\/div>\n<div id=\"english\" style=\"display: none;\">\n<h1 style=\"text-align: center;\">STRUCTURE<\/h1>\n<p style=\"text-align: justify;\"><a href=\"https:\/\/agriturismoparisi.it\/wp-content\/uploads\/2013\/04\/882.jpg\"><img loading=\"lazy\" decoding=\"async\" class=\"size-medium wp-image-66 alignleft\" src=\"https:\/\/agriturismoparisi.it\/wp-content\/uploads\/2013\/04\/882-300x224.jpg\" alt=\"882\" width=\"310\" height=\"231\" srcset=\"https:\/\/agriturismoparisi.it\/wp-content\/uploads\/2013\/04\/882-300x224.jpg 300w, https:\/\/agriturismoparisi.it\/wp-content\/uploads\/2013\/04\/882-100x74.jpg 100w, https:\/\/agriturismoparisi.it\/wp-content\/uploads\/2013\/04\/882-198x149.jpg 198w, https:\/\/agriturismoparisi.it\/wp-content\/uploads\/2013\/04\/882.jpg 371w\" sizes=\"auto, (max-width: 310px) 100vw, 310px\" \/><\/a>The building was renovated in respect of local traditions, includes two apartments for 3-5 persons, with TV, with bathrooms and kitchens. Also available is a large double room (with possibility of two extra beds) with bathroom, TV and refrigerator.<br \/>\nOutside under a covered terrace where you can spend moments of relaxation, guests can take advantage of a kitchenette and a sink.<br \/>\nGuests also have access to barbecue for outdoor barbecues, bowling, table tennis and a library which also includes tourist information leaflets in the area.<br \/>\nThe farm, mainly cultivated with vineyards and olive groves, is surrounded by a vast park of conifers and other Mediterranean plants, accessible by guests.<br \/>\nNear the farm we bike path, tennis courts, swimming pools, horse racing and horse riding.<\/p>\n<h1 style=\"text-align: center;\">PARK<\/h1>\n<p style=\"text-align: justify;\">A green oasis of oaks, pines, cypresses, oleanders and a stone&#8217;s throw from the city and a few minutes from the beach. Thanks to a biological management of the farm, has developed a rich Mediterranean vegetation with a wide variety of spring flowers especially. All&#8217;intenro the park, living our free mini ponies and wild animals (squirrels, porcupines, foxes, although difficult to catch sight during the day).<\/p>\n<\/div>\n","protected":false},"excerpt":{"rendered":"<p>\u00a0\u00a0 LA STRUTTURA L&#8217;edificio, ristrutturato nel rispetto delle tradizioni locali, comprende due appartamenti da 3-5 posti letto, provvisti di TV, con rispettivi bagni e cucine. Inoltre \u00e8 disponibile una grande camera matrimoniale con bagno, TV e angolo cottura. All&#8217;esterno, sotto una loggia coperta dove trascorrere momenti di relax, gli ospiti potranno usufruire di un angolo [&hellip;]<\/p>\n","protected":false},"author":2,"featured_media":0,"parent":0,"menu_order":0,"comment_status":"closed","ping_status":"closed","template":"","meta":{"footnotes":""},"class_list":["post-14","page","type-page","status-publish","hentry"],"yoast_head":"<!-- This site is optimized with the Yoast SEO plugin v26.6 - https:\/\/yoast.com\/wordpress\/plugins\/seo\/ -->\n<title>Agriturismo Marche mare | La struttura | agriturismoparisi.it<\/title>\n<meta name=\"description\" content=\"L\u2019edificio di agriturismo marche mare comprende due appartamenti da 3-5 posti letto, provvisti di TV, con rispettivi bagni e cucine.\" \/>\n<meta name=\"robots\" content=\"index, follow, max-snippet:-1, max-image-preview:large, max-video-preview:-1\" \/>\n<link rel=\"canonical\" href=\"https:\/\/agriturismoparisi.it\/?page_id=14\" \/>\n<meta property=\"og:locale\" content=\"it_IT\" \/>\n<meta property=\"og:type\" content=\"article\" \/>\n<meta property=\"og:title\" content=\"Agriturismo Marche mare | La struttura | agriturismoparisi.it\" \/>\n<meta property=\"og:description\" content=\"L\u2019edificio di agriturismo marche mare comprende due appartamenti da 3-5 posti letto, provvisti di TV, con rispettivi bagni e cucine.\" \/>\n<meta property=\"og:url\" content=\"https:\/\/agriturismoparisi.it\/?page_id=14\" \/>\n<meta property=\"og:site_name\" content=\"Agriturismo Parisi\" \/>\n<meta property=\"article:modified_time\" content=\"2023-03-30T08:18:43+00:00\" \/>\n<meta property=\"og:image\" content=\"https:\/\/agriturismoparisi.it\/wp-content\/uploads\/2013\/04\/italiano.gif\" \/>\n<meta name=\"twitter:label1\" content=\"Tempo di lettura stimato\" \/>\n\t<meta name=\"twitter:data1\" content=\"3 minuti\" \/>\n<script type=\"application\/ld+json\" class=\"yoast-schema-graph\">{\"@context\":\"https:\/\/schema.org\",\"@graph\":[{\"@type\":\"WebPage\",\"@id\":\"https:\/\/agriturismoparisi.it\/?page_id=14\",\"url\":\"https:\/\/agriturismoparisi.it\/?page_id=14\",\"name\":\"Agriturismo Marche mare | La struttura | agriturismoparisi.it\",\"isPartOf\":{\"@id\":\"https:\/\/agriturismoparisi.it\/#website\"},\"primaryImageOfPage\":{\"@id\":\"https:\/\/agriturismoparisi.it\/?page_id=14#primaryimage\"},\"image\":{\"@id\":\"https:\/\/agriturismoparisi.it\/?page_id=14#primaryimage\"},\"thumbnailUrl\":\"https:\/\/agriturismoparisi.it\/wp-content\/uploads\/2013\/04\/italiano.gif\",\"datePublished\":\"2013-04-29T14:18:23+00:00\",\"dateModified\":\"2023-03-30T08:18:43+00:00\",\"description\":\"L\u2019edificio di agriturismo marche mare comprende due appartamenti da 3-5 posti letto, provvisti di TV, con rispettivi bagni e cucine.\",\"breadcrumb\":{\"@id\":\"https:\/\/agriturismoparisi.it\/?page_id=14#breadcrumb\"},\"inLanguage\":\"it-IT\",\"potentialAction\":[{\"@type\":\"ReadAction\",\"target\":[\"https:\/\/agriturismoparisi.it\/?page_id=14\"]}]},{\"@type\":\"ImageObject\",\"inLanguage\":\"it-IT\",\"@id\":\"https:\/\/agriturismoparisi.it\/?page_id=14#primaryimage\",\"url\":\"https:\/\/agriturismoparisi.it\/wp-content\/uploads\/2013\/04\/italiano.gif\",\"contentUrl\":\"https:\/\/agriturismoparisi.it\/wp-content\/uploads\/2013\/04\/italiano.gif\",\"width\":22,\"height\":14},{\"@type\":\"BreadcrumbList\",\"@id\":\"https:\/\/agriturismoparisi.it\/?page_id=14#breadcrumb\",\"itemListElement\":[{\"@type\":\"ListItem\",\"position\":1,\"name\":\"Home\",\"item\":\"https:\/\/agriturismoparisi.it\/\"},{\"@type\":\"ListItem\",\"position\":2,\"name\":\"La struttura\"}]},{\"@type\":\"WebSite\",\"@id\":\"https:\/\/agriturismoparisi.it\/#website\",\"url\":\"https:\/\/agriturismoparisi.it\/\",\"name\":\"Agriturismo Parisi\",\"description\":\"\",\"potentialAction\":[{\"@type\":\"SearchAction\",\"target\":{\"@type\":\"EntryPoint\",\"urlTemplate\":\"https:\/\/agriturismoparisi.it\/?s={search_term_string}\"},\"query-input\":{\"@type\":\"PropertyValueSpecification\",\"valueRequired\":true,\"valueName\":\"search_term_string\"}}],\"inLanguage\":\"it-IT\"}]}<\/script>\n<!-- \/ Yoast SEO plugin. -->","yoast_head_json":{"title":"Agriturismo Marche mare | La struttura | agriturismoparisi.it","description":"L\u2019edificio di agriturismo marche mare comprende due appartamenti da 3-5 posti letto, provvisti di TV, con rispettivi bagni e cucine.","robots":{"index":"index","follow":"follow","max-snippet":"max-snippet:-1","max-image-preview":"max-image-preview:large","max-video-preview":"max-video-preview:-1"},"canonical":"https:\/\/agriturismoparisi.it\/?page_id=14","og_locale":"it_IT","og_type":"article","og_title":"Agriturismo Marche mare | La struttura | agriturismoparisi.it","og_description":"L\u2019edificio di agriturismo marche mare comprende due appartamenti da 3-5 posti letto, provvisti di TV, con rispettivi bagni e cucine.","og_url":"https:\/\/agriturismoparisi.it\/?page_id=14","og_site_name":"Agriturismo Parisi","article_modified_time":"2023-03-30T08:18:43+00:00","og_image":[{"url":"https:\/\/agriturismoparisi.it\/wp-content\/uploads\/2013\/04\/italiano.gif","type":"","width":"","height":""}],"twitter_misc":{"Tempo di lettura stimato":"3 minuti"},"schema":{"@context":"https:\/\/schema.org","@graph":[{"@type":"WebPage","@id":"https:\/\/agriturismoparisi.it\/?page_id=14","url":"https:\/\/agriturismoparisi.it\/?page_id=14","name":"Agriturismo Marche mare | La struttura | agriturismoparisi.it","isPartOf":{"@id":"https:\/\/agriturismoparisi.it\/#website"},"primaryImageOfPage":{"@id":"https:\/\/agriturismoparisi.it\/?page_id=14#primaryimage"},"image":{"@id":"https:\/\/agriturismoparisi.it\/?page_id=14#primaryimage"},"thumbnailUrl":"https:\/\/agriturismoparisi.it\/wp-content\/uploads\/2013\/04\/italiano.gif","datePublished":"2013-04-29T14:18:23+00:00","dateModified":"2023-03-30T08:18:43+00:00","description":"L\u2019edificio di agriturismo marche mare comprende due appartamenti da 3-5 posti letto, provvisti di TV, con rispettivi bagni e cucine.","breadcrumb":{"@id":"https:\/\/agriturismoparisi.it\/?page_id=14#breadcrumb"},"inLanguage":"it-IT","potentialAction":[{"@type":"ReadAction","target":["https:\/\/agriturismoparisi.it\/?page_id=14"]}]},{"@type":"ImageObject","inLanguage":"it-IT","@id":"https:\/\/agriturismoparisi.it\/?page_id=14#primaryimage","url":"https:\/\/agriturismoparisi.it\/wp-content\/uploads\/2013\/04\/italiano.gif","contentUrl":"https:\/\/agriturismoparisi.it\/wp-content\/uploads\/2013\/04\/italiano.gif","width":22,"height":14},{"@type":"BreadcrumbList","@id":"https:\/\/agriturismoparisi.it\/?page_id=14#breadcrumb","itemListElement":[{"@type":"ListItem","position":1,"name":"Home","item":"https:\/\/agriturismoparisi.it\/"},{"@type":"ListItem","position":2,"name":"La struttura"}]},{"@type":"WebSite","@id":"https:\/\/agriturismoparisi.it\/#website","url":"https:\/\/agriturismoparisi.it\/","name":"Agriturismo Parisi","description":"","potentialAction":[{"@type":"SearchAction","target":{"@type":"EntryPoint","urlTemplate":"https:\/\/agriturismoparisi.it\/?s={search_term_string}"},"query-input":{"@type":"PropertyValueSpecification","valueRequired":true,"valueName":"search_term_string"}}],"inLanguage":"it-IT"}]}},"_links":{"self":[{"href":"https:\/\/agriturismoparisi.it\/index.php?rest_route=\/wp\/v2\/pages\/14","targetHints":{"allow":["GET"]}}],"collection":[{"href":"https:\/\/agriturismoparisi.it\/index.php?rest_route=\/wp\/v2\/pages"}],"about":[{"href":"https:\/\/agriturismoparisi.it\/index.php?rest_route=\/wp\/v2\/types\/page"}],"author":[{"embeddable":true,"href":"https:\/\/agriturismoparisi.it\/index.php?rest_route=\/wp\/v2\/users\/2"}],"replies":[{"embeddable":true,"href":"https:\/\/agriturismoparisi.it\/index.php?rest_route=%2Fwp%2Fv2%2Fcomments&post=14"}],"version-history":[{"count":27,"href":"https:\/\/agriturismoparisi.it\/index.php?rest_route=\/wp\/v2\/pages\/14\/revisions"}],"predecessor-version":[{"id":65,"href":"https:\/\/agriturismoparisi.it\/index.php?rest_route=\/wp\/v2\/pages\/14\/revisions\/65"}],"wp:attachment":[{"href":"https:\/\/agriturismoparisi.it\/index.php?rest_route=%2Fwp%2Fv2%2Fmedia&parent=14"}],"curies":[{"name":"wp","href":"https:\/\/api.w.org\/{rel}","templated":true}]}}